{"id":24,"date":"2022-04-04T21:22:40","date_gmt":"2022-04-04T19:22:40","guid":{"rendered":"http:\/\/tymek.24x7.pl\/?page_id=24"},"modified":"2024-02-09T13:29:23","modified_gmt":"2024-02-09T12:29:23","slug":"strona-glowna","status":"publish","type":"page","link":"https:\/\/tymek.24x7.pl\/","title":{"rendered":"Strona G\u0142\u00f3wna"},"content":{"rendered":"\t\t<div data-elementor-type=\"wp-page\" data-elementor-id=\"24\" class=\"elementor elementor-24\">\n\t\t\t\t\t\t<section class=\"elementor-section elementor-top-section elementor-element elementor-element-c7eefcb elementor-section-boxed elementor-section-height-default elementor-section-height-default\" data-id=\"c7eefcb\" data-element_type=\"section\" data-e-type=\"section\">\n\t\t\t\t\t\t<div class=\"elementor-container elementor-column-gap-default\">\n\t\t\t\t\t<div class=\"elementor-column elementor-col-100 elementor-top-column elementor-element elementor-element-73c1c4c\" data-id=\"73c1c4c\" data-element_type=\"column\" data-e-type=\"column\">\n\t\t\t<div class=\"elementor-widget-wrap elementor-element-populated\">\n\t\t\t\t\t\t<div class=\"elementor-element elementor-element-1eb9e16 elementor-widget elementor-widget-heading\" data-id=\"1eb9e16\" data-element_type=\"widget\" data-e-type=\"widget\" data-widget_type=\"heading.default\">\n\t\t\t\t<div class=\"elementor-widget-container\">\n\t\t\t\t\t<h2 class=\"elementor-heading-title elementor-size-default\">Kim jestem?<\/h2>\t\t\t\t<\/div>\n\t\t\t\t<\/div>\n\t\t\t\t\t<\/div>\n\t\t<\/div>\n\t\t\t\t\t<\/div>\n\t\t<\/section>\n\t\t\t\t<section class=\"elementor-section elementor-top-section elementor-element elementor-element-e2a7556 elementor-section-boxed elementor-section-height-default elementor-section-height-default\" data-id=\"e2a7556\" data-element_type=\"section\" data-e-type=\"section\">\n\t\t\t\t\t\t<div class=\"elementor-container elementor-column-gap-default\">\n\t\t\t\t\t<div class=\"elementor-column elementor-col-100 elementor-top-column elementor-element elementor-element-bf6c714\" data-id=\"bf6c714\" data-element_type=\"column\" data-e-type=\"column\">\n\t\t\t<div class=\"elementor-widget-wrap elementor-element-populated\">\n\t\t\t\t\t\t<div class=\"elementor-element elementor-element-0ab300a elementor-widget elementor-widget-text-editor\" data-id=\"0ab300a\" data-element_type=\"widget\" data-e-type=\"widget\" data-widget_type=\"text-editor.default\">\n\t\t\t\t<div class=\"elementor-widget-container\">\n\t\t\t\t\t\t\t\t\t<p>Uzyska\u0142em dyplom mgr in\u017c. na Politechnice Wroc\u0142awskiej.<\/p><p>Obecnie pracuj\u0119 jako programista .NET\/C#.<\/p><p>Dodatkowo zajmuj\u0119 si\u0119 tworzeniem stron internetowych i prowadzeniem medi\u00f3w spo\u0142eczno\u015bciowych.<\/p>\t\t\t\t\t\t\t\t<\/div>\n\t\t\t\t<\/div>\n\t\t\t\t\t<\/div>\n\t\t<\/div>\n\t\t\t\t\t<\/div>\n\t\t<\/section>\n\t\t\t\t<section class=\"elementor-section elementor-top-section elementor-element elementor-element-b598faa elementor-section-boxed elementor-section-height-default elementor-section-height-default\" data-id=\"b598faa\" data-element_type=\"section\" data-e-type=\"section\">\n\t\t\t\t\t\t<div class=\"elementor-container elementor-column-gap-default\">\n\t\t\t\t\t<div class=\"elementor-column elementor-col-100 elementor-top-column elementor-element elementor-element-c1ffde4\" data-id=\"c1ffde4\" data-element_type=\"column\" data-e-type=\"column\">\n\t\t\t<div class=\"elementor-widget-wrap elementor-element-populated\">\n\t\t\t\t\t\t<div class=\"elementor-element elementor-element-69ae696 elementor-widget elementor-widget-image\" data-id=\"69ae696\" data-element_type=\"widget\" data-e-type=\"widget\" data-widget_type=\"image.default\">\n\t\t\t\t<div class=\"elementor-widget-container\">\n\t\t\t\t\t\t\t\t\t\t\t\t\t\t\t<img fetchpriority=\"high\" decoding=\"async\" width=\"640\" height=\"303\" src=\"https:\/\/tymek.24x7.pl\/wp-content\/uploads\/2022\/09\/274727805_5508841795797374_3083446742032865637_n-1024x485.jpg\" class=\"attachment-large size-large wp-image-156\" alt=\"\" srcset=\"https:\/\/tymek.24x7.pl\/wp-content\/uploads\/2022\/09\/274727805_5508841795797374_3083446742032865637_n-1024x485.jpg 1024w, https:\/\/tymek.24x7.pl\/wp-content\/uploads\/2022\/09\/274727805_5508841795797374_3083446742032865637_n-300x142.jpg 300w, https:\/\/tymek.24x7.pl\/wp-content\/uploads\/2022\/09\/274727805_5508841795797374_3083446742032865637_n-768x364.jpg 768w, https:\/\/tymek.24x7.pl\/wp-content\/uploads\/2022\/09\/274727805_5508841795797374_3083446742032865637_n-1536x728.jpg 1536w, https:\/\/tymek.24x7.pl\/wp-content\/uploads\/2022\/09\/274727805_5508841795797374_3083446742032865637_n-850x403.jpg 850w, https:\/\/tymek.24x7.pl\/wp-content\/uploads\/2022\/09\/274727805_5508841795797374_3083446742032865637_n.jpg 1600w\" sizes=\"(max-width: 640px) 100vw, 640px\" \/>\t\t\t\t\t\t\t\t\t\t\t\t\t\t\t<\/div>\n\t\t\t\t<\/div>\n\t\t\t\t\t<\/div>\n\t\t<\/div>\n\t\t\t\t\t<\/div>\n\t\t<\/section>\n\t\t\t\t<\/div>\n\t\t","protected":false},"excerpt":{"rendered":"<p>Kim jestem? Uzyska\u0142em dyplom mgr in\u017c. na Politechnice Wroc\u0142awskiej. Obecnie pracuj\u0119 jako programista .NET\/C#. Dodatkowo zajmuj\u0119 si\u0119 tworzeniem stron internetowych i prowadzeniem medi\u00f3w spo\u0142eczno\u015bciowych.<\/p>\n","protected":false},"author":1,"featured_media":0,"parent":0,"menu_order":0,"comment_status":"closed","ping_status":"closed","template":"","meta":{"footnotes":""},"class_list":["post-24","page","type-page","status-publish","hentry"],"_links":{"self":[{"href":"https:\/\/tymek.24x7.pl\/index.php\/wp-json\/wp\/v2\/pages\/24","targetHints":{"allow":["GET"]}}],"collection":[{"href":"https:\/\/tymek.24x7.pl\/index.php\/wp-json\/wp\/v2\/pages"}],"about":[{"href":"https:\/\/tymek.24x7.pl\/index.php\/wp-json\/wp\/v2\/types\/page"}],"author":[{"embeddable":true,"href":"https:\/\/tymek.24x7.pl\/index.php\/wp-json\/wp\/v2\/users\/1"}],"replies":[{"embeddable":true,"href":"https:\/\/tymek.24x7.pl\/index.php\/wp-json\/wp\/v2\/comments?post=24"}],"version-history":[{"count":34,"href":"https:\/\/tymek.24x7.pl\/index.php\/wp-json\/wp\/v2\/pages\/24\/revisions"}],"predecessor-version":[{"id":266,"href":"https:\/\/tymek.24x7.pl\/index.php\/wp-json\/wp\/v2\/pages\/24\/revisions\/266"}],"wp:attachment":[{"href":"https:\/\/tymek.24x7.pl\/index.php\/wp-json\/wp\/v2\/media?parent=24"}],"curies":[{"name":"wp","href":"https:\/\/api.w.org\/{rel}","templated":true}]}}